{"id":5280,"date":"2022-11-11T01:01:51","date_gmt":"2022-11-11T00:01:51","guid":{"rendered":"https:\/\/oberflaechenkultur.de\/?page_id=5280"},"modified":"2023-10-31T11:50:05","modified_gmt":"2023-10-31T10:50:05","slug":"impressum","status":"publish","type":"page","link":"https:\/\/oberflaechenkultur.de\/?page_id=5280","title":{"rendered":"Impressum"},"content":{"rendered":"\t\t<div data-elementor-type=\"wp-page\" data-elementor-id=\"5280\" class=\"elementor elementor-5280\" data-elementor-settings=\"[]\">\n\t\t\t\t\t\t<div class=\"elementor-inner\">\n\t\t\t\t\t\t\t<div class=\"elementor-section-wrap\">\n\t\t\t\t\t\t\t<section class=\"elementor-section elementor-top-section elementor-element elementor-element-e48edce elementor-section-boxed elementor-section-height-default elementor-section-height-default\" data-id=\"e48edce\" data-element_type=\"section\">\n\t\t\t\t\t\t<div class=\"elementor-container elementor-column-gap-default\">\n\t\t\t\t\t\t\t<div class=\"elementor-row\">\n\t\t\t\t\t<div class=\"elementor-column elementor-col-100 elementor-top-column elementor-element elementor-element-0c45b2a\" data-id=\"0c45b2a\" data-element_type=\"column\">\n\t\t\t<div class=\"elementor-column-wrap elementor-element-populated\">\n\t\t\t\t\t\t\t<div class=\"elementor-widget-wrap\">\n\t\t\t\t\t\t<div class=\"elementor-element elementor-element-d073a1b elementor-widget elementor-widget-image\" data-id=\"d073a1b\" data-element_type=\"widget\" data-widget_type=\"image.default\">\n\t\t\t\t<div class=\"elementor-widget-container\">\n\t\t\t\t\t\t\t\t<div class=\"elementor-image\">\n\t\t\t\t\t\t\t\t\t\t\t\t\t<a href=\"https:\/\/oberflaechenkultur.de\/\">\n\t\t\t\t\t\t\t<img width=\"800\" height=\"41\" src=\"https:\/\/oberflaechenkultur.de\/wp-content\/uploads\/2022\/01\/cropped-OBERFLA\u0308CHENKULTUR-Weiss-1024x52.png\" class=\"attachment-large size-large\" alt=\"\" loading=\"lazy\" srcset=\"https:\/\/oberflaechenkultur.de\/wp-content\/uploads\/2022\/01\/cropped-OBERFLA\u0308CHENKULTUR-Weiss-1024x52.png 1024w, https:\/\/oberflaechenkultur.de\/wp-content\/uploads\/2022\/01\/cropped-OBERFLA\u0308CHENKULTUR-Weiss-300x15.png 300w, https:\/\/oberflaechenkultur.de\/wp-content\/uploads\/2022\/01\/cropped-OBERFLA\u0308CHENKULTUR-Weiss-768x39.png 768w, https:\/\/oberflaechenkultur.de\/wp-content\/uploads\/2022\/01\/cropped-OBERFLA\u0308CHENKULTUR-Weiss-1536x78.png 1536w, https:\/\/oberflaechenkultur.de\/wp-content\/uploads\/2022\/01\/cropped-OBERFLA\u0308CHENKULTUR-Weiss.png 2000w\" sizes=\"(max-width: 800px) 100vw, 800px\" \/>\t\t\t\t\t\t\t\t<\/a>\n\t\t\t\t\t\t\t\t\t\t\t\t\t\t<\/div>\n\t\t\t\t\t\t<\/div>\n\t\t\t\t<\/div>\n\t\t\t\t\t\t<\/div>\n\t\t\t\t\t<\/div>\n\t\t<\/div>\n\t\t\t\t\t\t\t\t<\/div>\n\t\t\t\t\t<\/div>\n\t\t<\/section>\n\t\t\t\t<section class=\"elementor-section elementor-top-section elementor-element elementor-element-b8a8185 elementor-section-boxed elementor-section-height-default elementor-section-height-default\" data-id=\"b8a8185\" data-element_type=\"section\">\n\t\t\t\t\t\t<div class=\"elementor-container elementor-column-gap-default\">\n\t\t\t\t\t\t\t<div class=\"elementor-row\">\n\t\t\t\t\t<div class=\"elementor-column elementor-col-100 elementor-top-column elementor-element elementor-element-2292888\" data-id=\"2292888\" data-element_type=\"column\">\n\t\t\t<div class=\"elementor-column-wrap elementor-element-populated\">\n\t\t\t\t\t\t\t<div class=\"elementor-widget-wrap\">\n\t\t\t\t\t\t<div class=\"elementor-element elementor-element-52f2e81 elementor-widget elementor-widget-heading\" data-id=\"52f2e81\" data-element_type=\"widget\" data-widget_type=\"heading.default\">\n\t\t\t\t<div class=\"elementor-widget-container\">\n\t\t\t<h2 class=\"elementor-heading-title elementor-size-xl\">Impressum<\/h2>\t\t<\/div>\n\t\t\t\t<\/div>\n\t\t\t\t\t\t<\/div>\n\t\t\t\t\t<\/div>\n\t\t<\/div>\n\t\t\t\t\t\t\t\t<\/div>\n\t\t\t\t\t<\/div>\n\t\t<\/section>\n\t\t\t\t<section class=\"elementor-section elementor-top-section elementor-element elementor-element-027acbc elementor-section-boxed elementor-section-height-default elementor-section-height-default\" data-id=\"027acbc\" data-element_type=\"section\">\n\t\t\t\t\t\t<div class=\"elementor-container elementor-column-gap-default\">\n\t\t\t\t\t\t\t<div class=\"elementor-row\">\n\t\t\t\t\t<div class=\"elementor-column elementor-col-100 elementor-top-column elementor-element elementor-element-7cf8696\" data-id=\"7cf8696\" data-element_type=\"column\">\n\t\t\t<div class=\"elementor-column-wrap elementor-element-populated\">\n\t\t\t\t\t\t\t<div class=\"elementor-widget-wrap\">\n\t\t\t\t\t\t<div class=\"elementor-element elementor-element-396cbbd elementor-widget elementor-widget-text-editor\" data-id=\"396cbbd\" data-element_type=\"widget\" data-widget_type=\"text-editor.default\">\n\t\t\t\t<div class=\"elementor-widget-container\">\n\t\t\t\t\t\t\t\t<div class=\"elementor-text-editor elementor-clearfix\">\n\t\t\t\t<p style=\"text-align: center;\">Angaben gem\u00e4\u00df \u00a7 5 TMG<\/p>\n<p style=\"text-align: center;\">OBERFL\u00c4CHENKULTUR\u00ae<\/p>\n<p style=\"text-align: center;\">Inhaber\/Gesch\u00e4ftsf\u00fchrer: Maik Zierold<\/p>\n<p style=\"text-align: center;\">+49 163 254 74 11<br>kontakt@oberflaechenkultur.de<\/p>\n<p style=\"text-align: center;\"><a href=\"http:\/\/www.xn--oberflchenkultur-0nb.de\/\" target=\"_blank\" rel=\"noopener nofollow\" data-ft=\"{\" data-lynx-mode=\"asynclazy\" data-lynx-uri=\"https:\/\/l.facebook.com\/l.php?u=http%3A%2F%2Fwww.xn--oberflchenkultur-0nb.de%2F&amp;h=AT0SP_DMvfscMgXB9a5F9_OqHFFluiGBwpCsuE0Eaf4GgpNWdUZuNsxSLFr2JPKQ_LQFLqIb0pzThoH7HrbqUHAswPbJxXPJWReC_UlLwIbdTImnqwKvTxgQ_exPhxzs9dQIIPkYF3jEqCYS29ZXJaFrQgAw4ydK_WjnO-9j\">www.oberfl\u00e4chenkultur.de<\/a><\/p>\n<p style=\"text-align: center;\">#OBERFL\u00c4CHENKULTUR<\/p>\n<p style=\"text-align: center;\">Steuernummer: 25\/150\/16116<\/p>\n<p style=\"text-align: center;\">Bezeichnung der berufsrechtlichen Regelungen:<br>Eingetragener Handwerksbetrieb bei der Handwerkskammer Hannover<\/p>\n<p style=\"text-align: center;\">Inhaltlich Verantwortlicher gem\u00e4\u00df \u00a7 55 Abs. 2 RStV: Maik Zierold<\/p>\n<p style=\"text-align: center;\">Entwurf und Umsetzung:<br>OBERFL\u00c4CHENKULTUR\u00ae<\/p>\n<p style=\"text-align: center;\">Haftungshinweis<br>Trotz sorgf\u00e4ltiger inhaltlicher Kontrolle \u00fcbernehme ich keine Haftung f\u00fcr die Inhalte externer Links. F\u00fcr den Inhalt der verlinkten Seiten sind ausschlie\u00dflich deren Betreiber verantwortlich. Es gilt der aktuelle Haftungsausschluss.<\/p>\n<p style=\"text-align: center;\">Streitschlichtung<br>Die Europ\u00e4ische Kommission stellt eine Plattform zur Online-Streitbeilegung (OS) bereit: <a href=\"https:\/\/ec.europa.eu\/consumers\/odr\" target=\"_blank\" rel=\"noopener nofollow\" data-ft=\"{\" data-lynx-mode=\"asynclazy\" data-lynx-uri=\"https:\/\/l.facebook.com\/l.php?u=https%3A%2F%2Fec.europa.eu%2Fconsumers%2Fodr&amp;h=AT0dQweI5AYkDYyowDfRecuETk2wVmP3OphmUNYsUuUQ9KDmX_x_069eNZ5QnrTs3ShD3lWaAIhnEEkIBkhkbSjojCgFj2LVjGUjb2ltNDoT1ktxKSqxk1PL5OfXWaPpDqteMZ643qGzkAvciCbmrqCEwaFzwruUQoFJhh_z\">https:\/\/ec.europa.eu\/consumers\/odr<\/a>.<br>Unsere E-Mail-Adresse finden Sie oben im Impressum.<br>Wir sind nicht bereit oder verpflichtet, an Streitbeilegungsverfahren vor einer Verbraucherschlichtungsstelle teilzunehmen.<\/p>\n<p style=\"text-align: center;\">Fotonachweise, soweit nicht anders angegeben:<br>OBERFL\u00c4CHENKULTUR\u00ae<\/p>\n<p style=\"text-align: center;\">\u00a92017-2022 Maik Zierold<\/p>\n<p style=\"text-align: center;\"><img src=\"https:\/\/static.xx.fbcdn.net\/rsrc.php\/v3\/y3\/r\/5t8YzgnFXRP.png\" alt=\"\"><br>Auszeichnungen<\/p>\n<h4 style=\"text-align: center;\">Eintragung im Register des Deutschen Patent- und Markenamtes<\/h4>\n<p style=\"text-align: center;\">OBERFL\u00c4CHENKULTUR\u00ae<\/p>\n<p style=\"text-align: center;\">Oberfl\u00e4chenkultur<\/p>\n<p style=\"text-align: center;\">Maik Zierod<\/p>\n<p style=\"text-align: center;\">Sokelantstra\u00dfe 23<\/p>\n<p style=\"text-align: center;\">30165 Hannover<\/p>\t\t\t\t\t<\/div>\n\t\t\t\t\t\t<\/div>\n\t\t\t\t<\/div>\n\t\t\t\t\t\t<\/div>\n\t\t\t\t\t<\/div>\n\t\t<\/div>\n\t\t\t\t\t\t\t\t<\/div>\n\t\t\t\t\t<\/div>\n\t\t<\/section>\n\t\t\t\t\t\t<\/div>\n\t\t\t\t\t\t<\/div>\n\t\t\t\t\t<\/div>\n\t\t","protected":false},"excerpt":{"rendered":"<p>Impressum Angaben gem\u00e4\u00df \u00a7 5 TMG OBERFL\u00c4CHENKULTUR\u00ae Inhaber\/Gesch\u00e4ftsf\u00fchrer: Maik Zierold +49 163 254 74 11kontakt@oberflaechenkultur.de www.oberfl\u00e4chenkultur.de #OBERFL\u00c4CHENKULTUR Steuernummer: 25\/150\/16116 Bezeichnung der berufsrechtlichen Regelungen:Eingetragener Handwerksbetrieb bei der Handwerkskammer Hannover Inhaltlich Verantwortlicher gem\u00e4\u00df \u00a7 55 Abs. 2 RStV: Maik Zierold Entwurf und Umsetzung:OBERFL\u00c4CHENKULTUR\u00ae HaftungshinweisTrotz sorgf\u00e4ltiger inhaltlicher Kontrolle \u00fcbernehme ich keine Haftung f\u00fcr die Inhalte externer Links. F\u00fcr [&hellip;]<\/p>\n","protected":false},"author":2,"featured_media":0,"parent":0,"menu_order":0,"comment_status":"closed","ping_status":"closed","template":"elementor_header_footer","meta":[],"yoast_head":"<!-- This site is optimized with the Yoast SEO plugin v18.8 - https:\/\/yoast.com\/wordpress\/plugins\/seo\/ -->\n<title>Impressum -<\/title>\n<meta name=\"robots\" content=\"index, follow, max-snippet:-1, max-image-preview:large, max-video-preview:-1\" \/>\n<link rel=\"canonical\" href=\"https:\/\/oberflaechenkultur.de\/?page_id=5280\" \/>\n<meta property=\"og:locale\" content=\"de_DE\" \/>\n<meta property=\"og:type\" content=\"article\" \/>\n<meta property=\"og:title\" content=\"Impressum -\" \/>\n<meta property=\"og:description\" content=\"Impressum Angaben gem\u00e4\u00df \u00a7 5 TMG OBERFL\u00c4CHENKULTUR\u00ae Inhaber\/Gesch\u00e4ftsf\u00fchrer: Maik Zierold +49 163 254 74 11kontakt@oberflaechenkultur.de www.oberfl\u00e4chenkultur.de #OBERFL\u00c4CHENKULTUR Steuernummer: 25\/150\/16116 Bezeichnung der berufsrechtlichen Regelungen:Eingetragener Handwerksbetrieb bei der Handwerkskammer Hannover Inhaltlich Verantwortlicher gem\u00e4\u00df \u00a7 55 Abs. 2 RStV: Maik Zierold Entwurf und Umsetzung:OBERFL\u00c4CHENKULTUR\u00ae HaftungshinweisTrotz sorgf\u00e4ltiger inhaltlicher Kontrolle \u00fcbernehme ich keine Haftung f\u00fcr die Inhalte externer Links. F\u00fcr [&hellip;]\" \/>\n<meta property=\"og:url\" content=\"https:\/\/oberflaechenkultur.de\/?page_id=5280\" \/>\n<meta property=\"article:modified_time\" content=\"2023-10-31T10:50:05+00:00\" \/>\n<meta property=\"og:image\" content=\"https:\/\/static.xx.fbcdn.net\/rsrc.php\/v3\/y3\/r\/5t8YzgnFXRP.png\" \/>\n<meta name=\"twitter:card\" content=\"summary_large_image\" \/>\n<meta name=\"twitter:label1\" content=\"Gesch\u00e4tzte Lesezeit\" \/>\n\t<meta name=\"twitter:data1\" content=\"2\u00a0Minuten\" \/>\n<script type=\"application\/ld+json\" class=\"yoast-schema-graph\">{\"@context\":\"https:\/\/schema.org\",\"@graph\":[{\"@type\":\"WebSite\",\"@id\":\"https:\/\/oberflaechenkultur.de\/#website\",\"url\":\"https:\/\/oberflaechenkultur.de\/\",\"name\":\"\",\"description\":\"\",\"potentialAction\":[{\"@type\":\"SearchAction\",\"target\":{\"@type\":\"EntryPoint\",\"urlTemplate\":\"https:\/\/oberflaechenkultur.de\/?s={search_term_string}\"},\"query-input\":\"required name=search_term_string\"}],\"inLanguage\":\"de\"},{\"@type\":\"ImageObject\",\"inLanguage\":\"de\",\"@id\":\"https:\/\/oberflaechenkultur.de\/?page_id=5280#primaryimage\",\"url\":\"https:\/\/static.xx.fbcdn.net\/rsrc.php\/v3\/y3\/r\/5t8YzgnFXRP.png\",\"contentUrl\":\"https:\/\/static.xx.fbcdn.net\/rsrc.php\/v3\/y3\/r\/5t8YzgnFXRP.png\"},{\"@type\":\"WebPage\",\"@id\":\"https:\/\/oberflaechenkultur.de\/?page_id=5280#webpage\",\"url\":\"https:\/\/oberflaechenkultur.de\/?page_id=5280\",\"name\":\"Impressum -\",\"isPartOf\":{\"@id\":\"https:\/\/oberflaechenkultur.de\/#website\"},\"primaryImageOfPage\":{\"@id\":\"https:\/\/oberflaechenkultur.de\/?page_id=5280#primaryimage\"},\"datePublished\":\"2022-11-11T00:01:51+00:00\",\"dateModified\":\"2023-10-31T10:50:05+00:00\",\"breadcrumb\":{\"@id\":\"https:\/\/oberflaechenkultur.de\/?page_id=5280#breadcrumb\"},\"inLanguage\":\"de\",\"potentialAction\":[{\"@type\":\"ReadAction\",\"target\":[\"https:\/\/oberflaechenkultur.de\/?page_id=5280\"]}]},{\"@type\":\"BreadcrumbList\",\"@id\":\"https:\/\/oberflaechenkultur.de\/?page_id=5280#breadcrumb\",\"itemListElement\":[{\"@type\":\"ListItem\",\"position\":1,\"name\":\"Startseite\",\"item\":\"https:\/\/oberflaechenkultur.de\/\"},{\"@type\":\"ListItem\",\"position\":2,\"name\":\"Impressum\"}]}]}<\/script>\n<!-- \/ Yoast SEO plugin. -->","yoast_head_json":{"title":"Impressum -","robots":{"index":"index","follow":"follow","max-snippet":"max-snippet:-1","max-image-preview":"max-image-preview:large","max-video-preview":"max-video-preview:-1"},"canonical":"https:\/\/oberflaechenkultur.de\/?page_id=5280","og_locale":"de_DE","og_type":"article","og_title":"Impressum -","og_description":"Impressum Angaben gem\u00e4\u00df \u00a7 5 TMG OBERFL\u00c4CHENKULTUR\u00ae Inhaber\/Gesch\u00e4ftsf\u00fchrer: Maik Zierold +49 163 254 74 11kontakt@oberflaechenkultur.de www.oberfl\u00e4chenkultur.de #OBERFL\u00c4CHENKULTUR Steuernummer: 25\/150\/16116 Bezeichnung der berufsrechtlichen Regelungen:Eingetragener Handwerksbetrieb bei der Handwerkskammer Hannover Inhaltlich Verantwortlicher gem\u00e4\u00df \u00a7 55 Abs. 2 RStV: Maik Zierold Entwurf und Umsetzung:OBERFL\u00c4CHENKULTUR\u00ae HaftungshinweisTrotz sorgf\u00e4ltiger inhaltlicher Kontrolle \u00fcbernehme ich keine Haftung f\u00fcr die Inhalte externer Links. F\u00fcr [&hellip;]","og_url":"https:\/\/oberflaechenkultur.de\/?page_id=5280","article_modified_time":"2023-10-31T10:50:05+00:00","og_image":[{"url":"https:\/\/static.xx.fbcdn.net\/rsrc.php\/v3\/y3\/r\/5t8YzgnFXRP.png"}],"twitter_card":"summary_large_image","twitter_misc":{"Gesch\u00e4tzte Lesezeit":"2\u00a0Minuten"},"schema":{"@context":"https:\/\/schema.org","@graph":[{"@type":"WebSite","@id":"https:\/\/oberflaechenkultur.de\/#website","url":"https:\/\/oberflaechenkultur.de\/","name":"","description":"","potentialAction":[{"@type":"SearchAction","target":{"@type":"EntryPoint","urlTemplate":"https:\/\/oberflaechenkultur.de\/?s={search_term_string}"},"query-input":"required name=search_term_string"}],"inLanguage":"de"},{"@type":"ImageObject","inLanguage":"de","@id":"https:\/\/oberflaechenkultur.de\/?page_id=5280#primaryimage","url":"https:\/\/static.xx.fbcdn.net\/rsrc.php\/v3\/y3\/r\/5t8YzgnFXRP.png","contentUrl":"https:\/\/static.xx.fbcdn.net\/rsrc.php\/v3\/y3\/r\/5t8YzgnFXRP.png"},{"@type":"WebPage","@id":"https:\/\/oberflaechenkultur.de\/?page_id=5280#webpage","url":"https:\/\/oberflaechenkultur.de\/?page_id=5280","name":"Impressum -","isPartOf":{"@id":"https:\/\/oberflaechenkultur.de\/#website"},"primaryImageOfPage":{"@id":"https:\/\/oberflaechenkultur.de\/?page_id=5280#primaryimage"},"datePublished":"2022-11-11T00:01:51+00:00","dateModified":"2023-10-31T10:50:05+00:00","breadcrumb":{"@id":"https:\/\/oberflaechenkultur.de\/?page_id=5280#breadcrumb"},"inLanguage":"de","potentialAction":[{"@type":"ReadAction","target":["https:\/\/oberflaechenkultur.de\/?page_id=5280"]}]},{"@type":"BreadcrumbList","@id":"https:\/\/oberflaechenkultur.de\/?page_id=5280#breadcrumb","itemListElement":[{"@type":"ListItem","position":1,"name":"Startseite","item":"https:\/\/oberflaechenkultur.de\/"},{"@type":"ListItem","position":2,"name":"Impressum"}]}]}},"_links":{"self":[{"href":"https:\/\/oberflaechenkultur.de\/index.php?rest_route=\/wp\/v2\/pages\/5280"}],"collection":[{"href":"https:\/\/oberflaechenkultur.de\/index.php?rest_route=\/wp\/v2\/pages"}],"about":[{"href":"https:\/\/oberflaechenkultur.de\/index.php?rest_route=\/wp\/v2\/types\/page"}],"author":[{"embeddable":true,"href":"https:\/\/oberflaechenkultur.de\/index.php?rest_route=\/wp\/v2\/users\/2"}],"replies":[{"embeddable":true,"href":"https:\/\/oberflaechenkultur.de\/index.php?rest_route=%2Fwp%2Fv2%2Fcomments&post=5280"}],"version-history":[{"count":10,"href":"https:\/\/oberflaechenkultur.de\/index.php?rest_route=\/wp\/v2\/pages\/5280\/revisions"}],"predecessor-version":[{"id":5403,"href":"https:\/\/oberflaechenkultur.de\/index.php?rest_route=\/wp\/v2\/pages\/5280\/revisions\/5403"}],"wp:attachment":[{"href":"https:\/\/oberflaechenkultur.de\/index.php?rest_route=%2Fwp%2Fv2%2Fmedia&parent=5280"}],"curies":[{"name":"wp","href":"https:\/\/api.w.org\/{rel}","templated":true}]}}